 d be 175 + -1 - j*8/(-4). Let a = d - 77. What are the prime factors of a?
3, 11
Let o = -254 + -21. Let t(c) = 94*c - 90. Let m be t(6). Let r = o + m. What are the prime factors of r?
199
Suppose -3*f - 8*k + 10*k - 12 = 0, 2*k = 2*f + 6. What are the prime factors of (-24 + 26)/((-2)/f)?
2, 3
Suppose -18*q + 3952 = q. Let p = 665 - q. List the prime factors of p.
457
Let n(u) = u**3 - 9*u**2 + 6*u + 10. Let j be n(8). Let g(f) = -2*f - 7*f + 2*f - 6*f - 14 + 9*f. List the prime factors of g(j).
2, 5
What are the prime factors of 1179247/214 - (-1)/2?
3, 11, 167
Suppose 162*r - 159*r = -h + 8389, -5*h + 41855 = 5*r. List the prime factors of h.
2, 37, 113
Let w(z) = -z**3 - 12*z**2 - 39*z - 50. Let i be w(-17). Suppose -i - 5542 = -20*b. List the prime factors of b.
2, 5, 19
Let f be (-4 - -1 - 4/(-4)) + 38. Suppose k + 3*x = f, 3*k + 0*k = x + 98. Suppose p = 87 + k. What are the prime factors of p?
2, 3, 5
List the prime factors of 17127 - (10 + (-4 + 8 - 7)).
2, 5, 107
Let q(z) = 332*z**3. Let w be q(1). Let p be w/6*(-27)/9. Let n = p - -277. What are the prime factors of n?
3, 37
Let o = 9005 + -4425. What are the prime factors of o?
2, 5, 229
List the prime factors of (-229)/((-85)/837 + 112/1736).
3, 229
Suppose p - 33173 + 85618 = 6*p. What are the prime factors of p?
17, 617
Let y(s) = s**3 + 13*s**2 - 17*s - 42. Let l be y(-14). Let t be (-65 + l)/(1 - 6/3). List the prime factors of t/1 - (2 - -3).
2, 3, 5
Let h(g) = 64*g**2 + 102*g - 1281. What are the prime factors of h(15)?
3, 19, 257
Let t(b) = 34*b - 6. Let h be t(11). Let i = 122 + h. What are the prime factors of i?
2, 5, 7
Let z = 6168 - 5112. What are the prime factors of z?
2, 3, 11
Let r = -3691 - -9865. What are the prime factors of r?
2, 3, 7
Let h(q) = -379*q + 7070. List the prime factors of h(-37).
3, 79, 89
Let q = -187 + 195. List the prime factors of (q + (-92)/12)/(2/2616).
2, 109
List the prime factors of ((-7441)/(-14) - -4)*620/217.
2, 3, 5, 17
Let d(m) = -m**2 + 5*m + 11. Let i be d(8). Let f(l) = 72*l - 38 + 71*l - 156*l. List the prime factors of f(i).
131
Suppose 3*o - 109 = 3*v + 4*o, -3*o + 33 = -v. Let d be (-4 - -3)/((-4)/v). List the prime factors of (75/10)/(d/(-48)).
2, 5
Suppose -6*z - 2437 = -7657. Suppose -5*p + 2198 = n, -49*n = 2*p - 44*n - z. What are the prime factors of p?
2, 5, 11
Let c = 3191 + 3893. What are the prime factors of c?
2, 7, 11, 23
Suppose -2*n - 2*f = 3*f - 31, -3*f + 18 = n. Let k be 41/(n - 70/25). Suppose 171 = 4*a - k. What are the prime factors of a?
2, 47
Let b(y) = -y**3 - 2*y**2 - y - 227. Let i be b(0). Let h = i + 412. List the prime factors of h.
5, 37
List the prime factors of ((-4)/((-4)/(-5)))/1 + 28886/26.
2, 7, 79
Let v = -530 - -522. What are the prime factors of 308/32 - 10 - 4571/v?
571
Let m(c) = -24*c**3 + 5*c**2 + 3*c + 75. List the prime factors of m(-6).
3, 13, 139
Suppose 0 = -3*b - 4*p + 2 - 10, -3*b + 2*p = 14. Suppose 0 = 4*n - 4*l + 28, -6*l = -2*n - 3*l - 15. List the prime factors of -4*(b/n)/(16/(-408)).
2, 17
Suppose 0 = 12*r - 7*r + 5*m - 27015, 4*m = 2*r - 10836. List the prime factors of r.
2, 13
Suppose -3*s + 6*s - 5*w = 76, -2*s + 44 = -5*w. Let m = -9 + 12. Suppose -2*q - m*o = -s, 4*q - 2*o = 84 - 20. List the prime factors of q.
2
Suppose n = -5*f + 15300, -f = -37*n + 42*n - 3060. What are the prime factors of f?
2, 3, 5, 17
Let q be ((-30)/9)/((-25)/90). Suppose q*w + 27269 = 49*w. What are the prime factors of w?
11, 67
Let g = 17 - 5. Suppose 4*i - i = -3*n + g, 2*i = 5*n - 20. Suppose 5*c - 316 = o, 12 + 224 = n*c - 5*o. What are the prime factors of c?
2
Let y = 988 + 106. Let g = 1556 - y. Let i = g + -212. List the prime factors of i.
2, 5
List the prime factors of (3/2*(-330)/495)/(2/(-2318)).
19, 61
Let b = 92 + -75. Let i = b - 27. List the prime factors of (-10526)/(-95)*i/(-4).
277
Let m(k) = 4*k**2 + 2*k + 21. Let f be m(-10). Suppose f = 4*b - 739. List the prime factors of b.
3, 5, 19
Let w(y) = 438*y + 137. What are the prime factors of w(10)?
4517
Let v be (-6 + 0 + -2)*2/(-16). What are the prime factors of 2/(-8)*v - (-6548)/16?
409
Suppose -9 = -2*q + 1. Suppose 0 = -3*m - 5*g + 1014, -q*m - 2*g = -7*g - 1690. What are the prime factors of m?
2, 13
Let s(t) = -18*t - 20*t + 30*t + 14. Suppose -10 = -2*x - 28. What are the prime factors of s(x)?
2, 43
Let m(n) = -n**3 - 4*n**2 + 7*n - 2. Let l be m(1). Suppose l = -4*q + 4*o + 520, 5*q = 4*o + 591 + 59. What are the prime factors of q?
2, 5, 13
Let a = -13 - -15. Suppose -120 = -14*m + a*m. List the prime factors of m.
2, 5
Let o(n) = 142*n + 4. Let r be o(4). Let q be (120/(-66))/(13/(-286)). Suppose 0 = -4*k - 4*t + r, -5*k + q = -3*t - 659. List the prime factors of k.
3, 47
Let h(u) be the second derivative of u**5/10 - u**4/2 + 6*u**3 + 7*u**2 - 246*u. List the prime factors of h(6).
2, 223
Let n(r) = -4*r**3 - 2*r**2 + 13. Let d be n(-3). Let u = 626 - d. List the prime factors of u.
523
Let p be ((-79)/(-2))/(2/(-4)). Let u(y) = -2*y**2 + 124*y - 548. Let w be u(54). List the prime factors of (1 - 338/8)/(p/w).
3, 5, 11
Let h(p) = 37*p**2 + p + 10. Let m be h(-7). Suppose z + z - 5*t = m, 0 = 5*z - 2*t - 4582. List the prime factors of z.
2, 3, 17
Let m(p) = 10*p + 170. Suppose -2*b = 4*d - 136, -2*d + 2*b = -2*b - 58. What are the prime factors of m(d)?
2, 5
Let x = -279 - -417. Suppose -3*j + x = -j. Suppose 151 = 5*n - j. What are the prime factors of n?
2, 11
Suppose -1568 = -3*i - 14*w + 12*w, 5*w = 5*i - 2605. Let k = i + -128. List the prime factors of k.
2, 197
Suppose -2*k + 8*b + 35113 = 3*b, 0 = -k + 2*b + 17559. Suppose 15*c - 701 - k = 0. List the prime factors of c.
2, 3, 7, 29
Let b(u) = 59*u**3 - 8*u**2 + 8*u - 44. What are the prime factors of b(4)?
2, 3, 101
Let j(b) be the first derivative of 2*b**3 + 9*b**2/2 - 4*b - 23. List the prime factors of j(-10).
2, 11, 23
Let n be -4*((-76)/8 - -6). Suppose -2*c - 260 = -s, -3*s + n*c = 11*c - 780. List the prime factors of s.
2, 5, 13
Suppose -24*r + 3738 + 15654 = 0. Let u = r - 401. List the prime factors of u.
11, 37
Suppose 0 = 4*q + 3*p - 2, 6*p = 3*q + 10*p + 2. Let l(w) = -6*w + 14. Let j be l(q). List the prime factors of 0 + 3 + j + -3 - -196.
2, 3, 11
Suppose 0 = -80*n - 629790 + 1996270. List the prime factors of n.
19, 29, 31
Suppose -4*g + 2*j - 7*j = 23, g + 2*j = -8. Let l be (0*(-1 - g))/(-2). Suppose 2*q - 376 = -3*q + o, l = 2*q + 3*o - 147. What are the prime factors of q?
3, 5
Let d = 32 - 250. Let v = d + 266. What are the prime factors of v?
2, 3
Let j = 56835 + -35600. What are the prime factors of j?
5, 31, 137
Suppose -3*q + 4*q = 5*c - 70, 0 = 2*c. Let v = q - -433. List the prime factors of v.
3, 11
Let p be ((-6)/4)/((-195)/3640). List the prime factors of 2506*p/16*(-12)/(-42).
7, 179
Let i = 43319 - 24008. What are the prime factors of i?
3, 41, 157
Let i(a) = -605*a - 10328. What are the prime factors of i(-128)?
2, 8389
Let g = 6 + 11. Suppose -a + 6 = -g. Let c = 45 - a. List the prime factors of c.
2, 11
Let o = 1484 + -2921. Let v = -701 - o. List the prime factors of v.
2, 23
Let k be (3 - 2)*(0 + 4951). Suppose -13*x = -k - 3811. List the prime factors of x.
2, 337
Suppose 10*q + 38096 = 12*q + 2*b, 0 = q + 4*b - 19042. What are the prime factors of q?
2, 3, 5, 127
Let a(n) be the first derivative of 4*n**3/3 + 10*n**2 + 31*n - 15. Let y(r) be the first derivative of a(r). List the prime factors of y(16).
2, 37
Let m(l) = l**3 - 6*l**2 + 12*l - 4. Let v be m(4). List the prime factors of v + 637 + 6 + 3/(-3).
2, 3, 109
Let y(d) = 349*d**3 - 5*d**2 + 80*d - 295. What are the prime factors of y(5)?
3, 5, 17, 19
Suppose -60*x + 99457 - 68586 + 140069 = 0. What are the prime factors of x?
7, 11, 37
What are the prime factors of 1/(-9*(-3)/298836)?
2, 2767
Suppose 196*f - 195*f = -4. Let b(p) = p**3 + 4*p**2 + p + 6. Let w be b(f). List the prime factors of (235 - 0)*(-8 + 7 + w).
5, 47
Let t(r) be the second derivative of -19*r**3 + 6*r**2 - 3*r. Let c be t(-2). Suppose 0 = -0*b + 8*b - c. What are the prime factors of b?
2, 3, 5
Suppose -9*h + 45 = -0*h. Suppose 5*u + 4*j - 1410 = 0, -3*j = h*u - 837 - 568. List the prime factors of u.
2, 139
Let q = -320 + 325. Suppose -600 = -j - 0*j + o, -2985 = -q*j